{"id":773,"date":"2023-08-08T16:36:57","date_gmt":"2023-08-08T14:36:57","guid":{"rendered":"https:\/\/www.osfs.eu\/zeitschrift-licht\/?page_id=773"},"modified":"2023-08-08T17:28:45","modified_gmt":"2023-08-08T15:28:45","slug":"impressum-datenschutz","status":"publish","type":"page","link":"https:\/\/www.osfs.eu\/zeitschrift-licht\/impressum-datenschutz\/","title":{"rendered":"Impressum &amp; Datenschutz"},"content":{"rendered":"\n<p style=\"font-size:0.81rem\">ANBIETERKENNZEICHNUNG GEM. \u00a7 6 TDG \/ IMPRESSUM<\/p>\n\n\n\n<p style=\"font-size:0.81rem\"><strong>Medienrechtliche Verantwortung als Anbieter i.S.d. MdStV f\u00fcr den Inhalt dieser Domain tr\u00e4gt:<\/strong><br><strong>Anschrift:<\/strong>&nbsp;Franz Sales Verlag e.K., Rosental 1, 85072 Eichst\u00e4tt, Deutschland<br><strong>Inhaber:<\/strong>&nbsp;Oblaten des hl. Franz von Sales, Deutschsprachige Provinz, K\u00f6rperschaft des \u00f6ffentlichen Rechts, Rosental 1, 85072 Eichst\u00e4tt, Deutschland<br><strong>Verlagsleitung:<\/strong>&nbsp;P. Sebastian Leitner OSFS<br><strong>Verkehrsnummer:<\/strong>&nbsp;12 040,&nbsp;<strong>BAG-Nummer:<\/strong>&nbsp;12 040,&nbsp;<br><strong>Registernummer:<\/strong>&nbsp;Handelsregister HRA 332&nbsp; Amtgericht Ingolstadt<\/p>\n\n\n\n<p style=\"font-size:0.81rem\"><strong>Umsatzsteuer-Identifikationsnummer<\/strong>&nbsp;gem\u00e4\u00df \u00a7 27 a Umsatzsteuergesetz: DE 129523242<br><strong>Telefon:<\/strong>&nbsp;(08421) 93 489 31,&nbsp;<strong>Telefax:<\/strong>&nbsp;(08421) 93 489 35<br><strong>E-Mail-Adresse:<\/strong>&nbsp;<a href=\"mailto:info@franz-sales-verlag.de\">info@franz-sales-verlag.de<\/a><br><strong>Internet:<\/strong>&nbsp;http:\/\/www.franz-sales-verlag.de<br><strong>B\u00fcrozeiten:<\/strong>&nbsp;Montag-Donnerstag: 8.30 bis 17.00 Uhr, Freitag: 8.30 bis 15.00 Uhr<br><strong>Verantwortlich\/Copyright f\u00fcr den Inhalt gem\u00e4\u00df \u00a7 6 MDStV:<\/strong><br>P. Sebastian Leitner OSFS<br><strong>Copyright Design und Programmierung:<\/strong><br>Josef Marschalek, Egweil<br>www.egweiler-werbeagentur.de<br><strong>Haftungshinweis:<br><\/strong>Trotz sorgf\u00e4ltiger inhaltlicher Kontrolle \u00fcbernehmen wir keine Haftung f\u00fcr die Inhalte externer Links. F\u00fcr den Inhalt der verlinkten Seiten sind ausschlie\u00dflich deren Betreiber verantwortlich.<\/p>\n\n\n\n<p style=\"font-size:0.81rem\"><strong>Datenschutz:<\/strong><br>Der Schutz Ihrer Daten ist uns sehr wichtig. Ihre Daten werden im Rahmen der gesetzlichen Vorschriften gesch\u00fctzt. Wir nutzen Ihre personenbezogenen Daten ausschlie\u00dflich f\u00fcr Zwecke rund um Ihre Bestellung, so z.B. f\u00fcr die Information zu Ihrem Bestellstatus und\/oder Lieferstatus und f\u00fcr interne Kundenanalysen. Pers\u00f6nliche Daten werden selbstverst\u00e4ndlich vertraulich behandelt und nicht an Dritte weitergegeben.<br>Der Besteller stimmt der Erhebung, Verarbeitung und Nutzung der im Zusammenhang mit der Gesch\u00e4ftsbeziehung erhaltenen Daten ausdr\u00fccklich zu.<br>Sie haben ein Recht auf Auskunft sowie ein Recht auf Berichtigung, Sperrung und L\u00f6schung Ihrer gespeicherten Daten. Sie haben ein Recht, ohne Angabe von Gr\u00fcnden die Zusendung von Werbungen jeder Art und auch unserer Hausnachrichten jederzeit zu untersagen.<\/p>\n","protected":false},"excerpt":{"rendered":"<p>ANBIETERKENNZEICHNUNG GEM. \u00a7 6 TDG \/ IMPRESSUM Medienrechtliche Verantwortung als Anbieter i.S.d. MdStV f\u00fcr den Inhalt dieser Domain tr\u00e4gt:Anschrift:&nbsp;Franz Sales Verlag e.K., Rosental 1, 85072 Eichst\u00e4tt, DeutschlandInhaber:&nbsp;Oblaten des hl. Franz von Sales, Deutschsprachige Provinz, K\u00f6rperschaft des \u00f6ffentlichen Rechts, Rosental 1, 85072 Eichst\u00e4tt, DeutschlandVerlagsleitung:&nbsp;P. Sebastian Leitner OSFSVerkehrsnummer:&nbsp;12 040,&nbsp;BAG-Nummer:&nbsp;12 040,&nbsp;Registernummer:&nbsp;Handelsregister HRA 332&nbsp; Amtgericht Ingolstadt Umsatzsteuer-Identifikationsnummer&nbsp;gem\u00e4\u00df \u00a7 27 [&hellip;]<\/p>\n","protected":false},"author":1,"featured_media":0,"parent":0,"menu_order":0,"comment_status":"closed","ping_status":"closed","template":"","meta":{"_acf_changed":false,"footnotes":""},"class_list":["post-773","page","type-page","status-publish","hentry"],"acf":[],"_links":{"self":[{"href":"https:\/\/www.osfs.eu\/zeitschrift-licht\/wp-json\/wp\/v2\/pages\/773","targetHints":{"allow":["GET"]}}],"collection":[{"href":"https:\/\/www.osfs.eu\/zeitschrift-licht\/wp-json\/wp\/v2\/pages"}],"about":[{"href":"https:\/\/www.osfs.eu\/zeitschrift-licht\/wp-json\/wp\/v2\/types\/page"}],"author":[{"embeddable":true,"href":"https:\/\/www.osfs.eu\/zeitschrift-licht\/wp-json\/wp\/v2\/users\/1"}],"replies":[{"embeddable":true,"href":"https:\/\/www.osfs.eu\/zeitschrift-licht\/wp-json\/wp\/v2\/comments?post=773"}],"version-history":[{"count":4,"href":"https:\/\/www.osfs.eu\/zeitschrift-licht\/wp-json\/wp\/v2\/pages\/773\/revisions"}],"predecessor-version":[{"id":783,"href":"https:\/\/www.osfs.eu\/zeitschrift-licht\/wp-json\/wp\/v2\/pages\/773\/revisions\/783"}],"wp:attachment":[{"href":"https:\/\/www.osfs.eu\/zeitschrift-licht\/wp-json\/wp\/v2\/media?parent=773"}],"curies":[{"name":"wp","href":"https:\/\/api.w.org\/{rel}","templated":true}]}}

<p style="font-size:0.81rem">ANBIETERKENNZEICHNUNG GEM. § 6 TDG / IMPRESSUM</p>



<p style="font-size:0.81rem"><strong>Medienrechtliche Verantwortung als Anbieter i.S.d. MdStV für den Inhalt dieser Domain trägt:</strong><br><strong>Anschrift:</strong>&nbsp;Franz Sales Verlag e.K., Rosental 1, 85072 Eichstätt, Deutschland<br><strong>Inhaber:</strong>&nbsp;Oblaten des hl. Franz von Sales, Deutschsprachige Provinz, Körperschaft des öffentlichen Rechts, Rosental 1, 85072 Eichstätt, Deutschland<br><strong>Verlagsleitung:</strong>&nbsp;P. Sebastian Leitner OSFS<br><strong>Verkehrsnummer:</strong>&nbsp;12 040,&nbsp;<strong>BAG-Nummer:</strong>&nbsp;12 040,&nbsp;<br><strong>Registernummer:</strong>&nbsp;Handelsregister HRA 332&nbsp; Amtgericht Ingolstadt</p>



<p style="font-size:0.81rem"><strong>Umsatzsteuer-Identifikationsnummer</strong>&nbsp;gemäß § 27 a Umsatzsteuergesetz: DE 129523242<br><strong>Telefon:</strong>&nbsp;(08421) 93 489 31,&nbsp;<strong>Telefax:</strong>&nbsp;(08421) 93 489 35<br><strong>E-Mail-Adresse:</strong>&nbsp;<a href="mailto:info@franz-sales-verlag.de">info@franz-sales-verlag.de</a><br><strong>Internet:</strong>&nbsp;http://www.franz-sales-verlag.de<br><strong>Bürozeiten:</strong>&nbsp;Montag-Donnerstag: 8.30 bis 17.00 Uhr, Freitag: 8.30 bis 15.00 Uhr<br><strong>Verantwortlich/Copyright für den Inhalt gemäß § 6 MDStV:</strong><br>P. Sebastian Leitner OSFS<br><strong>Copyright Design und Programmierung:</strong><br>Josef Marschalek, Egweil<br>www.egweiler-werbeagentur.de<br><strong>Haftungshinweis:<br></strong>Trotz sorgfältiger inhaltlicher Kontrolle übernehmen wir keine Haftung für die Inhalte externer Links. Für den Inhalt der verlinkten Seiten sind ausschließlich deren Betreiber verantwortlich.</p>



<p style="font-size:0.81rem"><strong>Datenschutz:</strong><br>Der Schutz Ihrer Daten ist uns sehr wichtig. Ihre Daten werden im Rahmen der gesetzlichen Vorschriften geschützt. Wir nutzen Ihre personenbezogenen Daten ausschließlich für Zwecke rund um Ihre Bestellung, so z.B. für die Information zu Ihrem Bestellstatus und/oder Lieferstatus und für interne Kundenanalysen. Persönliche Daten werden selbstverständlich vertraulich behandelt und nicht an Dritte weitergegeben.<br>Der Besteller stimmt der Erhebung, Verarbeitung und Nutzung der im Zusammenhang mit der Geschäftsbeziehung erhaltenen Daten ausdrücklich zu.<br>Sie haben ein Recht auf Auskunft sowie ein Recht auf Berichtigung, Sperrung und Löschung Ihrer gespeicherten Daten. Sie haben ein Recht, ohne Angabe von Gründen die Zusendung von Werbungen jeder Art und auch unserer Hausnachrichten jederzeit zu untersagen.</p>

<p>ANBIETERKENNZEICHNUNG GEM. § 6 TDG / IMPRESSUM Medienrechtliche Verantwortung als Anbieter i.S.d. MdStV für den Inhalt dieser Domain trägt:Anschrift:&nbsp;Franz Sales Verlag e.K., Rosental 1, 85072 Eichstätt, DeutschlandInhaber:&nbsp;Oblaten des hl. Franz von Sales, Deutschsprachige Provinz, Körperschaft des öffentlichen Rechts, Rosental 1, 85072 Eichstätt, DeutschlandVerlagsleitung:&nbsp;P. Sebastian Leitner OSFSVerkehrsnummer:&nbsp;12 040,&nbsp;BAG-Nummer:&nbsp;12 040,&nbsp;Registernummer:&nbsp;Handelsregister HRA 332&nbsp; Amtgericht Ingolstadt Umsatzsteuer-Identifikationsnummer&nbsp;gemäß § 27 [&hellip;]</p>
