{"id":28,"date":"2023-02-20T11:24:18","date_gmt":"2023-02-20T10:24:18","guid":{"rendered":"https:\/\/www.osfs.eu\/diebaronin\/?page_id=28"},"modified":"2023-03-19T10:35:28","modified_gmt":"2023-03-19T09:35:28","slug":"fuer-einen-guten-zweck","status":"publish","type":"page","link":"https:\/\/www.osfs.eu\/diebaronin\/fuer-einen-guten-zweck\/","title":{"rendered":"F\u00fcr einen guten Zweck"},"content":{"rendered":"\n<h2 class=\"has-text-color wp-block-heading\" style=\"color:#b41d26\">Spenden<\/h2>\n\n\n\n<p><strong>Der Reingewinn des Musicals \u201eDie Baronin\u201c soll den Umbauma\u00dfnahmen der Pfarre Franz von Sales zu Gute kommen<\/strong>: In der Teilgemeinde Glanzing wurde der Kindergarten vergr\u00f6\u00dfert, die Pfarrr\u00e4ume und die Kirche saniert. In der Teilgemeinde Krim wurde nach der Sanierung der Kirche das neue Pfarr- und Gr\u00e4tzlzentrum Fried\u03b1 Krim neu er\u00f6ffnet. Daher freuen wir uns \u00fcber jede finanzielle Unterst\u00fctzung!<\/p>\n\n\n\n<h3 class=\"has-text-align-center wp-block-heading\">Spendenkonto<br>Pfarre Franz von Sales<br>IBAN AT13 2011 1000 0510 8047<br>Verwendungszweck: Musical Die Baronin<\/h3>\n\n\n\n<figure class=\"wp-block-image size-large\"><img fetchpriority=\"high\" decoding=\"async\" width=\"1024\" height=\"118\" src=\"https:\/\/www.osfs.eu\/diebaronin\/wp-content\/uploads\/sites\/7\/2023\/03\/graetzlzentrum_frieda_quer-1024x118.jpg\" alt=\"\" class=\"wp-image-1303\" srcset=\"https:\/\/www.osfs.eu\/diebaronin\/wp-content\/uploads\/sites\/7\/2023\/03\/graetzlzentrum_frieda_quer-1024x118.jpg 1024w, https:\/\/www.osfs.eu\/diebaronin\/wp-content\/uploads\/sites\/7\/2023\/03\/graetzlzentrum_frieda_quer-300x35.jpg 300w, https:\/\/www.osfs.eu\/diebaronin\/wp-content\/uploads\/sites\/7\/2023\/03\/graetzlzentrum_frieda_quer-768x88.jpg 768w, https:\/\/www.osfs.eu\/diebaronin\/wp-content\/uploads\/sites\/7\/2023\/03\/graetzlzentrum_frieda_quer-1536x177.jpg 1536w, https:\/\/www.osfs.eu\/diebaronin\/wp-content\/uploads\/sites\/7\/2023\/03\/graetzlzentrum_frieda_quer.jpg 1920w\" sizes=\"(max-width: 1024px) 100vw, 1024px\" \/><\/figure>\n\n\n\n<p><strong>\u201eFried\u03b1\u201c<\/strong> \u2013 Das ist der Name des neuen Pfarr- und Gr\u00e4tzlzentrums der Pfarre Franz von Sales in der Krim. Dieser Name erinnert selbstverst\u00e4ndlich an den <strong>Frieden<\/strong>, aber ebenso an das einfache <strong>Da-Sein<\/strong>. Schlie\u00dflich versteckt sich am Ende dieses Wortes der griechische Buchstabe Alpha, in dem man ebenso ein stilisiertes Fisch-Symbol erkennen kann. <strong>Alpha und Fisch<\/strong> sind jahrhundertealte christliche Symbole.<br>So hei\u00dft es im letzten Buch der Bibel, in der Offenbarung des Johannes: \u201eIch bin das Alpha und das Omega, spricht Gott, der Herr, der ist und der war und der kommt, der Herrscher \u00fcber die ganze Sch\u00f6pfung\u201c (Offenbarung 1,8).<br>Fisch hei\u00dft auf Griechisch \u201eICHTHYS\u201c \u2026 Dieses Wort wurde w\u00e4hrend der Christenverfolgung der ersten Jahrhunderte zum Codewort bzw. Geheimzeichen, durch das sich Christ<em>innen zu erkennen gaben. Die Buchstaben ergeben n\u00e4mlich die Anfangsbuchstaben der Aussage: IESOUS CHRISTOS THEOU (H)YIOS SOTER, auf Deutsch: JESUS CHRISTUS GOTTES SOHN RETTER. Malte man also einen Fisch an die Wand oder in den Sand, so wussten die Christ<\/em>innen, hier ist eine Christin oder ein Christ zuhause.<br>\u201eFried\u03b1\u201c \u2013 Dieser Name soll das Programm des neuen Pfarr- und Gr\u00e4tzlzentrums sein: Friede, einfach da-sein \u2026 miteinander und f\u00fcreinander \u2026 und Gott in der Mitte. \u201eFried\u03b1\u201c hilft, spielt, chillt, lacht, trauert, feiert, tanzt \u2026 und betet.<br><strong>Ein besonderer Schwerpunkt liegt in der caritativen Arbeit.<\/strong> Alle M\u00f6glichkeiten, Hilfe zu bekommen, sich zu engagieren oder ganz einfach an diversen Veranstaltungen teilzunehmen, findet man unter<br><\/p>\n\n\n\n<figure class=\"wp-block-image size-large is-resized\"><a href=\"https:\/\/www.franzvonsales.at\" target=\"_blank\" rel=\"noreferrer noopener\"><img decoding=\"async\" src=\"https:\/\/www.osfs.eu\/diebaronin\/wp-content\/uploads\/sites\/7\/2023\/03\/pfarre_franzvonsales_logo_blau-1024x638.png\" alt=\"\" class=\"wp-image-1306\" width=\"256\" height=\"160\" srcset=\"https:\/\/www.osfs.eu\/diebaronin\/wp-content\/uploads\/sites\/7\/2023\/03\/pfarre_franzvonsales_logo_blau-1024x638.png 1024w, https:\/\/www.osfs.eu\/diebaronin\/wp-content\/uploads\/sites\/7\/2023\/03\/pfarre_franzvonsales_logo_blau-300x187.png 300w, https:\/\/www.osfs.eu\/diebaronin\/wp-content\/uploads\/sites\/7\/2023\/03\/pfarre_franzvonsales_logo_blau-768x479.png 768w, https:\/\/www.osfs.eu\/diebaronin\/wp-content\/uploads\/sites\/7\/2023\/03\/pfarre_franzvonsales_logo_blau-1536x958.png 1536w, https:\/\/www.osfs.eu\/diebaronin\/wp-content\/uploads\/sites\/7\/2023\/03\/pfarre_franzvonsales_logo_blau-2048x1277.png 2048w\" sizes=\"(max-width: 256px) 100vw, 256px\" \/><\/a><\/figure>\n\n\n\n<h2 class=\"has-text-align-left wp-block-heading\"><a href=\"https:\/\/www.franzvonsales.at\" target=\"_blank\" rel=\"noreferrer noopener\">www.franzvonsales.at<\/a><\/h2>\n","protected":false},"excerpt":{"rendered":"<p>Spenden Der Reingewinn des Musicals \u201eDie Baronin\u201c soll den Umbauma\u00dfnahmen der Pfarre Franz von Sales zu Gute kommen: In der Teilgemeinde Glanzing wurde der Kindergarten vergr\u00f6\u00dfert, die Pfarrr\u00e4ume und die Kirche saniert. In der Teilgemeinde Krim wurde nach der Sanierung der Kirche das neue Pfarr- und Gr\u00e4tzlzentrum Fried\u03b1 Krim neu er\u00f6ffnet. Daher freuen wir uns [&hellip;]<\/p>\n","protected":false},"author":4,"featured_media":0,"parent":0,"menu_order":0,"comment_status":"closed","ping_status":"closed","template":"","meta":{"_acf_changed":false,"footnotes":""},"class_list":["post-28","page","type-page","status-publish","hentry"],"acf":[],"_links":{"self":[{"href":"https:\/\/www.osfs.eu\/diebaronin\/wp-json\/wp\/v2\/pages\/28","targetHints":{"allow":["GET"]}}],"collection":[{"href":"https:\/\/www.osfs.eu\/diebaronin\/wp-json\/wp\/v2\/pages"}],"about":[{"href":"https:\/\/www.osfs.eu\/diebaronin\/wp-json\/wp\/v2\/types\/page"}],"author":[{"embeddable":true,"href":"https:\/\/www.osfs.eu\/diebaronin\/wp-json\/wp\/v2\/users\/4"}],"replies":[{"embeddable":true,"href":"https:\/\/www.osfs.eu\/diebaronin\/wp-json\/wp\/v2\/comments?post=28"}],"version-history":[{"count":32,"href":"https:\/\/www.osfs.eu\/diebaronin\/wp-json\/wp\/v2\/pages\/28\/revisions"}],"predecessor-version":[{"id":1512,"href":"https:\/\/www.osfs.eu\/diebaronin\/wp-json\/wp\/v2\/pages\/28\/revisions\/1512"}],"wp:attachment":[{"href":"https:\/\/www.osfs.eu\/diebaronin\/wp-json\/wp\/v2\/media?parent=28"}],"curies":[{"name":"wp","href":"https:\/\/api.w.org\/{rel}","templated":true}]}}

Für einen guten Zweck

<h2 class="has-text-color wp-block-heading" style="color:#b41d26">Spenden</h2>



<p><strong>Der Reingewinn des Musicals „Die Baronin“ soll den Umbaumaßnahmen der Pfarre Franz von Sales zu Gute kommen</strong>: In der Teilgemeinde Glanzing wurde der Kindergarten vergrößert, die Pfarrräume und die Kirche saniert. In der Teilgemeinde Krim wurde nach der Sanierung der Kirche das neue Pfarr- und Grätzlzentrum Friedα Krim neu eröffnet. Daher freuen wir uns über jede finanzielle Unterstützung!</p>



<h3 class="has-text-align-center wp-block-heading">Spendenkonto<br>Pfarre Franz von Sales<br>IBAN AT13 2011 1000 0510 8047<br>Verwendungszweck: Musical Die Baronin</h3>



<figure class="wp-block-image size-large"><img fetchpriority="high" decoding="async" width="1024" height="118" src="https://www.osfs.eu/diebaronin/wp-content/uploads/sites/7/2023/03/graetzlzentrum_frieda_quer-1024x118.jpg" alt="" class="wp-image-1303" srcset="https://www.osfs.eu/diebaronin/wp-content/uploads/sites/7/2023/03/graetzlzentrum_frieda_quer-1024x118.jpg 1024w, https://www.osfs.eu/diebaronin/wp-content/uploads/sites/7/2023/03/graetzlzentrum_frieda_quer-300x35.jpg 300w, https://www.osfs.eu/diebaronin/wp-content/uploads/sites/7/2023/03/graetzlzentrum_frieda_quer-768x88.jpg 768w, https://www.osfs.eu/diebaronin/wp-content/uploads/sites/7/2023/03/graetzlzentrum_frieda_quer-1536x177.jpg 1536w, https://www.osfs.eu/diebaronin/wp-content/uploads/sites/7/2023/03/graetzlzentrum_frieda_quer.jpg 1920w" sizes="(max-width: 1024px) 100vw, 1024px" /></figure>



<p><strong>„Friedα“</strong> – Das ist der Name des neuen Pfarr- und Grätzlzentrums der Pfarre Franz von Sales in der Krim. Dieser Name erinnert selbstverständlich an den <strong>Frieden</strong>, aber ebenso an das einfache <strong>Da-Sein</strong>. Schließlich versteckt sich am Ende dieses Wortes der griechische Buchstabe Alpha, in dem man ebenso ein stilisiertes Fisch-Symbol erkennen kann. <strong>Alpha und Fisch</strong> sind jahrhundertealte christliche Symbole.<br>So heißt es im letzten Buch der Bibel, in der Offenbarung des Johannes: „Ich bin das Alpha und das Omega, spricht Gott, der Herr, der ist und der war und der kommt, der Herrscher über die ganze Schöpfung“ (Offenbarung 1,8).<br>Fisch heißt auf Griechisch „ICHTHYS“ … Dieses Wort wurde während der Christenverfolgung der ersten Jahrhunderte zum Codewort bzw. Geheimzeichen, durch das sich Christ<em>innen zu erkennen gaben. Die Buchstaben ergeben nämlich die Anfangsbuchstaben der Aussage: IESOUS CHRISTOS THEOU (H)YIOS SOTER, auf Deutsch: JESUS CHRISTUS GOTTES SOHN RETTER. Malte man also einen Fisch an die Wand oder in den Sand, so wussten die Christ</em>innen, hier ist eine Christin oder ein Christ zuhause.<br>„Friedα“ – Dieser Name soll das Programm des neuen Pfarr- und Grätzlzentrums sein: Friede, einfach da-sein … miteinander und füreinander … und Gott in der Mitte. „Friedα“ hilft, spielt, chillt, lacht, trauert, feiert, tanzt … und betet.<br><strong>Ein besonderer Schwerpunkt liegt in der caritativen Arbeit.</strong> Alle Möglichkeiten, Hilfe zu bekommen, sich zu engagieren oder ganz einfach an diversen Veranstaltungen teilzunehmen, findet man unter<br></p>



<figure class="wp-block-image size-large is-resized"><a href="https://www.franzvonsales.at" target="_blank" rel="noreferrer noopener"><img decoding="async" src="https://www.osfs.eu/diebaronin/wp-content/uploads/sites/7/2023/03/pfarre_franzvonsales_logo_blau-1024x638.png" alt="" class="wp-image-1306" width="256" height="160" srcset="https://www.osfs.eu/diebaronin/wp-content/uploads/sites/7/2023/03/pfarre_franzvonsales_logo_blau-1024x638.png 1024w, https://www.osfs.eu/diebaronin/wp-content/uploads/sites/7/2023/03/pfarre_franzvonsales_logo_blau-300x187.png 300w, https://www.osfs.eu/diebaronin/wp-content/uploads/sites/7/2023/03/pfarre_franzvonsales_logo_blau-768x479.png 768w, https://www.osfs.eu/diebaronin/wp-content/uploads/sites/7/2023/03/pfarre_franzvonsales_logo_blau-1536x958.png 1536w, https://www.osfs.eu/diebaronin/wp-content/uploads/sites/7/2023/03/pfarre_franzvonsales_logo_blau-2048x1277.png 2048w" sizes="(max-width: 256px) 100vw, 256px" /></a></figure>



<h2 class="has-text-align-left wp-block-heading"><a href="https://www.franzvonsales.at" target="_blank" rel="noreferrer noopener">www.franzvonsales.at</a></h2>

<p>Spenden Der Reingewinn des Musicals „Die Baronin“ soll den Umbaumaßnahmen der Pfarre Franz von Sales zu Gute kommen: In der Teilgemeinde Glanzing wurde der Kindergarten vergrößert, die Pfarrräume und die Kirche saniert. In der Teilgemeinde Krim wurde nach der Sanierung der Kirche das neue Pfarr- und Grätzlzentrum Friedα Krim neu eröffnet. Daher freuen wir uns [&hellip;]</p>
